tor of 3490618?
True
Is 69839 a multiple of 77?
True
Is 55637 a multiple of 122?
False
Is 3 a factor of 1129884?
True
Does 7 divide 2880154?
False
Is 103915 a multiple of 176?
False
Does 184 divide 256043?
False
Is 6 a factor of 53878?
False
Is 4762854 a multiple of 386?
True
Is 20 a factor of 1955160?
True
Is 1054 a factor of 8643854?
True
Is 154314 a multiple of 16?
False
Does 134 divide 19430?
True
Is 35329 a multiple of 103?
True
Is 14 a factor of 4601665?
False
Is 31 a factor of 13157857?
True
Does 216 divide 266709?
False
Is 562678 a multiple of 7?
False
Does 343 divide 78976?
False
Does 1479 divide 12432474?
True
Does 7 divide 11606?
True
Does 9 divide 39120?
False
Is 70 a factor of 84000?
True
Does 15 divide 543555?
True
Is 2 a factor of 847762?
True
Is 140 a factor of 100858?
False
Does 128 divide 94208?
True
Is 25129 a multiple of 92?
False
Is 64 a factor of 240444?
False
Does 11 divide 659879?
True
Does 128 divide 16020608?
True
Is 35 a factor of 8101135?
True
Is 169434 a multiple of 6?
True
Is 44 a factor of 292864?
True
Does 196 divide 55272?
True
Is 71736 a multiple of 98?
True
Is 17023935 a multiple of 15?
True
Does 38 divide 216220?
True
Does 178 divide 414206?
True
Is 218 a factor of 324384?
True
Is 301457 a multiple of 2?
False
Does 39 divide 153309?
True
Does 148 divide 103896?
True
Is 66493 even?
False
Is 2340072 a multiple of 28?
True
Does 46 divide 29210?
True
Is 1705837 a multiple of 49?
True
Is 2022830 a multiple of 365?
True
Is 3719883 a multiple of 2?
False
Does 7 divide 40955?
False
Is 133 a factor of 26334?
True
Is 65 a factor of 1316705?
True
Does 146 divide 987544?
True
Is 10285334 a multiple of 753?
False
Does 18 divide 814598?
False
Is 97632 a multiple of 113?
True
Does 14 divide 192789?
False
Is 1219215 a multiple of 8?
False
Is 171760 a multiple of 190?
True
Is 317376 a multiple of 114?
True
Is 79 a factor of 19908?
True
Is 268 a factor of 710736?
True
Is 344 a factor of 1994922?
False
Is 3 a factor of 243064?
False
Is 1210 a factor of 15477110?
True
Is 840640 a multiple of 37?
True
Is 169624 a multiple of 91?
True
Is 6157637 a multiple of 31?
False
Is 18 a factor of 801432?
True
Does 79 divide 73152?
False
Does 5 divide 4881346?
False
Is 194 a factor of 172450?
False
Does 79 divide 90699?
False
Does 27 divide 14712?
False
Is 115606 a multiple of 213?
False
Is 30 a factor of 88193?
False
Is 90 a factor of 858420?
True
Is 14529514 a multiple of 1426?
True
Does 14 divide 6250748?
True
Is 3892081 a multiple of 14?
False
Does 42 divide 3193680?
True
Is 443071 a multiple of 86?
False
Is 2831342 a multiple of 28?
False
Does 439 divide 604522?
False
Does 109 divide 424882?
True
Is 5 a factor of 703?
False
Is 4 a factor of 1443868?
True
Is 226200 a multiple of 104?
True
Is 27 a factor of 104189?
False
Is 8919315 a multiple of 729?
True
Is 59 a factor of 1165545?
True
Is 56690 a multiple of 18?
False
Is 924122 a multiple of 293?
True
Is 51 a factor of 4924101?
True
Is 12 a factor of 59232?
True
Does 127 divide 1207705?
False
Is 888770 a multiple of 768?
False
Does 1273 divide 5801061?
True
Is 9188422 a multiple of 13?
False
Does 79 divide 888657?
False
Is 2924244 a multiple of 18?
True
Is 2773967 a multiple of 435?
False
Is 31730 a multiple of 190?
True
Does 10 divide 1121770?
True
Is 10 a factor of 1648960?
True
Is 51 a factor of 44217?
True
Does 11 divide 25166?
False
Is 333437 a multiple of 13?
True
Is 2896543 a multiple of 55?
False
Does 346 divide 182636?
False
Does 14 divide 88526?
False
Is 499 a factor of 611275?
True
Is 29726284 a multiple of 332?
True
Does 13 divide 860063?
False
Does 231 divide 26033159?
False
Is 244 a factor of 772260?
True
Is 220 a factor of 239396?
False
Is 4536689 a multiple of 9?
False
Is 242640 a multiple of 45?
True
Is 2897000 a multiple of 10?
True
Is 66 a factor of 233112?
True
Is 325561 a multiple of 7?
False
Is 782441 a multiple of 33?
False
Does 28 divide 590380?
True
Is 6 a factor of 100848?
True
Is 207 a factor of 10107189?
True
Is 20 a factor of 1198498?
False
Does 84 divide 501648?
True
Does 104 divide 16249168?
True
Is 1209 a factor of 5061109?
False
Is 6 a factor of 1923411?
False
Is 125 a factor of 268323?
False
Is 5 a factor of 14399?
False
Is 199470 a multiple of 38?
False
Is 848390 a multiple of 17?
False
Is 174 a factor of 1053293?
False
Is 201285 a multiple of 21?
True
Is 9 a factor of 350268?
False
Is 222318 a multiple of 27?
True
Does 227 divide 498230?
False
Does 335 divide 541252?
False
Is 386 a factor of 866184?
True
Is 56750 a multiple of 25?
True
Is 16 a factor of 19480?
False
Is 2426568 a multiple of 90?
False
Does 134 divide 174870?
True
Does 998 divide 509277?
False
Is 2 a factor of 110736?
True
Is 1727145 a multiple of 15?
True
Does 12 divide 1011180?
True
Is 98 a factor of 1315258?
True
Is 15 a factor of 2107194?
False
Does 1139 divide 3995612?
True
Is 884534 a multiple of 14?
True
Is 48888 a multiple of 378?
False
Is 1429176 a multiple of 7?
True
Does 21 divide 1077216?
True
Does 718 divide 1933574?
True
Is 1355520 a multiple of 15?
True
Does 48 divide 12990016?
False
Does 136 divide 403512?
True
Is 228540 a multiple of 31?
False
Is 153 a factor of 6854788?
False
Does 18 divide 27466?
False
Is 145904 a multiple of 12?
False
Is 3843148 a multiple of 12?
False
Is 1190 a factor of 1689800?
True
Does 481 divide 713640?
False
Is 803110 a multiple of 12?
False
Does 10 divide 2171450?
True
Is 9 a factor of 398007?
True
Is 4 a factor of 501441?
False
Is 30491 a multiple of 11?
False
Does 6 divide 278889?
False
Is 47 a factor of 436818?
True
Is 413880 a multiple of 40?
True
Is 158 a factor of 2843150?
False
Does 3 divide 14085?
True
Is 18 a factor of 732636?
True
Is 2387340 a multiple of 270?
True
Does 100 divide 10739600?
True
Is 428 a factor of 401323?
False
Does 102 divide 88989?
False
Does 692 divide 3713981?
False
Does 82 divide 285443?
False
Is 945795 a multiple of 15?
True
Is 40 a factor of 115982?
False
Is 28 a factor of 51445?
False
Is 93296 a multiple of 343?
True
Is 329731 a multiple of 257?
True
Is 31223 a multiple of 2?
False
Is 191525 a multiple of 12?
False
Is 47 a factor of 17445413?
True
Is 907 a factor of 12209127?
True
Does 392 divide 1542665?
False
Does 10 divide 144169?
False
Is 14201154 a multiple of 611?
False
Is 10644557 a multiple of 11?
True
Is 599892 a multiple of 24?
False
Does 5 divide 993328?
False
Is 2 a factor of 10796?
True
Is 242479 a multiple of 199?
False
Is 6 a factor of 193132?
False
Does 157 divide 2538690?
True
Does 240 divide 2299440?
True
Does 18 divide 54050?
False
Is 79 a factor of 314657?
True
Does 57 divide 1228977?
True
Does 63 divide 8362236?
False
Does 36 divide 6660648?
True
Is 38 a factor of 1765943?
False
Is 12 a factor of 3947344?
False
Does 53 divide 92504?
False
Does 292 divide 238283?
False
Does 908 divide 3976065?
False
Does 112 divide 263004?
False
Is 18 a factor of 182376?
True
Does 7 divide 659060?
False
Is 885449 a multiple of 163?
False
Is 2831180 a multiple of 935?
True
Does 21 divide 76458?
False
Is 14 a factor of 4974556?
False
Is 600 a factor of 4598199?
False
Is 4257 a multiple of 133?
False
Is 118 a factor of 332002?
False
Does 269 divide 406190?
True
Does 61 divide 9037?
False
Is 23 a factor of 9034630?
True
Is 938946 a multiple of 97?
False
Is 2344852 a multiple of 1181?
False
Does 8 divide 42617?
False
Does 4 divide 3669?
False
Is 3 a factor of 20572?
False
Does 313 divide 3720631?
True
Is 643043 a multiple of 379?
False
Is 1688136 a multiple of 12?
True
Is 525 a factor of 669900?
True
Does 13 divide 1607451?
False
Does 17 divide 369223?
True
Is 380910 a multiple of 69?
False
Is 406939 a multiple of 36?
False
Is 8 a factor of 1709344?
True
Is 12 a factor of 2626764?
True
Does 15 divide 5633805?
True
Is 24 a factor of 328536?
True
Does 169 divide 2786190?
False
Does 135 divide 486675?
True
Is 9 a factor of 333377?
False
Is 44454 a multiple of 186?
True
Is 31 a factor of 1758909?
True
Is 38 a factor of 10338698?
True
Is 29247136 a multiple of 1634?
False
Does 352 divide 2150368?
True
Does 13 divide 115557?
True
Is 6 a factor of 33318?
True
Is 98 a factor of 1184727?
False
Is 8 a factor of 32?
True
Is 216306 a multiple of 122?
True
Does 13 divide 8841989?
True
Does 33 divide 220143?
True
Is 13